0*t + 11*t - 408. What are the prime factors of t?
2, 3, 17
Let h(x) be the first derivative of -x**4/2 - 16*x**3/3 - 15*x**2/2 + 5*x - 4. List the prime factors of h(-8).
5
Suppose 3*n - 6474 = -2*v, -n = -0*n - 3*v - 2158. List the prime factors of n.
2, 13, 83
Let p(s) = -2*s**3 - 4*s**2 + 7*s - 1. Let j(f) = f**2 - f. Let z(r) = 5*j(r) + p(r). List the prime factors of z(-2).
3, 5
Suppose -13*n - 2480 = -21*n. What are the prime factors of n?
2, 5, 31
List the prime factors of -4*294/(-24) + 0.
7
Let r(g) = -g**2 - 2*g - 4. Let h = 16 - 9. Let y be r(h). Let f = -44 - y. List the prime factors of f.
23
Let t(p) = 19*p + 64. Let h(i) = -28*i - 97. Let b(o) = 5*h(o) + 7*t(o). What are the prime factors of b(-24)?
131
Let u be (3 - 4) + -5 - -1. Let s be 2/(-5) + (-37)/u. Suppose 0 = c - 9 - s. What are the prime factors of c?
2
Let w(r) = 2*r**3 - 13*r**2 - 59*r - 2. What are the prime factors of w(13)?
2, 3, 7, 17
What are the prime factors of (25 - 25) + (-1)/((-1)/461)?
461
Suppose 0 = 5*i - 232 - 2548. List the prime factors of i.
2, 139
What are the prime factors of 5238/14 + (-48)/(-56)?
3, 5
Let u = 25 + -9. Suppose 6*c + u = 2*c. List the prime factors of c/(-4*3/66).
2, 11
Let k = 316 - 66. List the prime factors of k.
2, 5
Suppose 0 = -5*t + 6 - 1. Suppose 0 = -5*v + f + 24, -19 + 7 = -4*v - f. What are the prime factors of (11/22)/(t/v)?
2
Let r(q) = -8*q - 33. Let y(l) = 7*l + 34. Let t(s) = 5*r(s) + 6*y(s). What are the prime factors of t(-7)?
5
Let n(s) = -603*s**3 + s**2 - 25*s - 25. What are the prime factors of n(-1)?
2, 151
Let b = 2613 + -1479. List the prime factors of b.
2, 3, 7
Let r(t) = 13*t**2 - 4*t - 38. List the prime factors of r(12).
2, 19, 47
Let d(f) = f**3 - 20*f**2 + 59*f - 11. List the prime factors of d(17).
5
Suppose 4 = -4*n, 3*v = -2*v - 4*n + 2261. What are the prime factors of v?
3, 151
Let a be (-322)/(-92) + 3*(-2)/(-4). Suppose a*y + 8*t - 4*t - 375 = 0, 262 = 3*y - 5*t. What are the prime factors of y?
79
Suppose 0 = -4*a + 4*o + 1924, 2*o = -4*a + o + 1939. Suppose 4*b + 76 - a = 0. What are the prime factors of b?
2, 3, 17
Suppose -7*h = -6*h - 5. Suppose 0 = h*j - 3*j, -j = i - 8. What are the prime factors of i?
2
Let u(z) = 3*z**2 - 8*z - 3. Suppose -3*o = -5*g + 41, -g + 4*o + 9 = 3*o. What are the prime factors of u(g)?
2, 11
List the prime factors of 6 - 480/(3*5/(-30)).
2, 3, 7, 23
Let p(c) = 2*c**2 - 7*c + 5. Let v be p(6). Let y be 2/(-5) - (-1309)/v. Let t = y - 22. What are the prime factors of t?
3, 5
Let h be -9*1 - (-6 + 3). What are the prime factors of 10 + 2 + (h - -4)?
2, 5
Let w(t) be the third derivative of -t**6/120 - t**5/10 - t**4/6 - 3*t**3/2 - 4*t**2. Let h be w(-6). Suppose 6*k - k - h = 0. List the prime factors of k.
3
List the prime factors of (-1)/(-8) - 195338/(-176).
2, 3, 5, 37
Let y(k) = k**3 - 2*k**2 - 4*k - 4. Let r be y(4). List the prime factors of 57/9 - 4/r.
2, 3
Let g = 458 - 371. List the prime factors of g.
3, 29
Let z be 2 + -3*(-2)/(-6). Suppose 4*f = 21 - z. Let o = f - 2. List the prime factors of o.
3
Let y be 2 + 1/((-4)/8). Suppose -4*c - 5*x + 159 = y, 4*c - x = x + 138. Suppose 0 = -3*u + a + 112, -3*u + 2*u + c = -a. What are the prime factors of u?
2, 19
Suppose 27*s = 26*s + 3. Suppose s*i - 1466 = -452. What are the prime factors of i?
2, 13
Let g = 385 - 250. What are the prime factors of g?
3, 5
Suppose 1253 = 4*v - v + 4*k, -4*v = 2*k - 1654. List the prime factors of v.
3, 137
Suppose -j = 6*j. Suppose 0 = b + 5*x - 43, 105 = 3*b + 3*x - j*x. List the prime factors of b.
3, 11
Let w(b) = -4*b + 37. List the prime factors of w(-6).
61
Let o(q) = -5*q**2 - 135*q + 8. List the prime factors of o(-6).
2, 11, 29
Let n = 2693 - 1835. What are the prime factors of n?
2, 3, 11, 13
Let d(n) be the first derivative of -n**4/4 + n**3/3 - 1. Let u be d(1). Suppose u = x - 3*x - 5*g + 75, 0 = 2*x - 4*g - 30. What are the prime factors of x?
5
Let o(p) = -p**2 - 8*p + 11. Let z be o(-10). Let i be 5*-12*z/60. Suppose a = i*a - 248. List the prime factors of a.
31
Suppose 9*q = 4*q + 150. Suppose 4*o - 9*o + q = 0. Suppose 2*l - 26 = -o. List the prime factors of l.
2, 5
Let k(g) = -29*g**2 + 16*g + g**3 + 11*g**2 + 3*g + 22. What are the prime factors of k(17)?
2, 7
What are the prime factors of -344*(546/(-24) + 13)?
2, 3, 13, 43
Let o = -512 - -1304. What are the prime factors of o?
2, 3, 11
Let f(o) = o**2 + 5*o + 8. Let k(b) = 2*b + 3. Let q(z) = 3*f(z) - 8*k(z). Let m be q(6). Let p = -72 + m. List the prime factors of p.
2, 3, 5
Let w = 3262 + -2177. What are the prime factors of w?
5, 7, 31
Let m = 17 + 48. Let q = m - -2. What are the prime factors of q?
67
Suppose -2*g + 4*g - 6 = -4*h, 2*h = 0. Suppose -32 = -j + g*b + b, -4 = 2*b. List the prime factors of j.
2, 3
Suppose d = 12*d - 11781. What are the prime factors of d?
3, 7, 17
Suppose 5*f - 674 = 341. What are the prime factors of f?
7, 29
List the prime factors of 29286/12 - (-3)/(-2).
3, 271
List the prime factors of (-6588)/305*(-5)/3.
2, 3
Let s = 7170 - 4710. List the prime factors of s.
2, 3, 5, 41
Suppose -4*c + 3*z = -1272, -2*c - c + 4*z + 954 = 0. Let q = c - 170. List the prime factors of q.
2, 37
List the prime factors of (0 + -137)/(-1) - (4 + -2).
3, 5
Let y(d) = -2*d - 1. Let w be y(3). Let g = w + 7. Suppose g = -v + 3 + 10. List the prime factors of v.
13
Let c(m) = -2*m**3 - 6*m**2 - m + 91. What are the prime factors of c(-10)?
19, 79
Let v(l) = 2*l - 13. Let q be (-1 + 0)/(2/18). Let i = 4 - q. List the prime factors of v(i).
13
Let a = -6 + 18. Let r = 14 - a. Suppose -2*h + 24 = -2*y + y, r*h = 3*y + 24. What are the prime factors of h?
2, 3
Let z(d) = -d**3 - 8*d**2 + 13*d - 14. Let b be z(-10). Suppose -3*w = -39 - 60. Let v = b - w. List the prime factors of v.
23
Suppose -2*u - 162 = -2. Let g = -38 - u. What are the prime factors of g?
2, 3, 7
Let v be ((-82)/(-8))/(1/4). Let r = 102 - 100. Suppose -r*b + v = -17. What are the prime factors of b?
29
Suppose 17*k + 854 = 31454. List the prime factors of k.
2, 3, 5
Let r = 2325 + -1382. List the prime factors of r.
23, 41
Suppose -3*c + 10 = -3*m - 14, -c - 22 = 5*m. What are the prime factors of 218/10 + c/15?
2, 11
Let r(x) = x**3 + 14*x**2 + 23*x - 9. Let q be r(-12). Suppose 5*j - q*a = a + 1150, 0 = 3*a + 15. What are the prime factors of j?
2, 113
Let s(q) = -q**2 + 6*q - 4. Let l be s(4). List the prime factors of l*1 + 17 + -8.
13
Suppose 3*h - 134 = -2*b, -5*h = -5*b + 173 + 187. List the prime factors of b.
2, 5, 7
Suppose 0 = 2*z - 117 - 67. Suppose -6*v = -148 - z. List the prime factors of v.
2, 5
Let w = 869 + -198. List the prime factors of w.
11, 61
Suppose w - 2*w - 12 = 0. Let b(m) = m + 3. Let h be b(w). Let o = h - -32. List the prime factors of o.
23
Let f(a) = -a + 11. Let h be f(7). Suppose 10*o - h*o - 354 = 0. List the prime factors of o.
59
Suppose 5*k = 2*y - 3*y + 12, 3*k = 2*y - 11. Let t = 13 - y. Suppose 0 = 5*p - 25, -g - p + t = -27. List the prime factors of g.
2, 7
Let w = 42 - 18. Let t(x) = x**2 - 2*x - 1. Let r be t(1). Let f = w + r. List the prime factors of f.
2, 11
Let s(h) = 2*h**3 - 5*h**2 - 13*h + 7. Let n = 6 - 0. List the prime factors of s(n).
181
Suppose 4*g - 4*j - 2544 = 0, 32*g + 3135 = 37*g + 4*j. List the prime factors of g.
631
Suppose -3*g + 127 + 14 = 0. Suppose 4*p - 133 - g = 0. List the prime factors of p.
3, 5
Suppose h - 5*w = 27, 3*h - w - 159 = -2*h. List the prime factors of (1*h)/((-3)/(-6)).
2
Let m(v) = 18*v**2 - 13*v + 25. List the prime factors of m(4).
3, 29
Suppose -2*v = -4 - 0. Let w = v - -8. Let k = -2 + w. What are the prime factors of k?
2
Let p(m) = -m + 26. Let s = 33 - 20. What are the prime factors of p(s)?
13
Suppose -2*m + 153 + 69 = 0. Suppose -5*a = 5*n - 20, 3*n + 77*a - 81*a = 26. Suppose 0 = n*w - m + 9. List the prime factors of w.
17
Let y = -1 - -13. Suppose 4*r = 2*s + y, -11 = -5*r + s + 1. What are the prime factors of (8/4 - r) + 25?
5
Let x be (-8)/36 + (-3003)/(-27). What are the prime factors of (-1)/(-4 - (-441)/x)?
37
Let u(j) = -11*j**2 + 223*j - 13. List the prime factors of u(16).
739
Suppose 501*o - 515*o + 25914 = 0. List the prime factors of o.
3, 617
Let s = 2052 + 524. What are the prime factors of s